t is the thousands digit of 87051?
7
What is the thousands digit of 94668?
4
What is the units digit of 16221?
1
What is the tens digit of 23391?
9
What is the hundreds digit of 25186?
1
What is the hundreds digit of 7906?
9
What is the units digit of 29723?
3
What is the units digit of 633?
3
What is the tens digit of 3448?
4
What is the hundreds digit of 402?
4
What is the units digit of 3287?
7
What is the tens digit of 34527?
2
What is the units digit of 233?
3
What is the hundreds digit of 867?
8
What is the units digit of 5319?
9
What is the units digit of 12262?
2
What is the units digit of 2024?
4
What is the units digit of 4980?
0
What is the units digit of 2862?
2
What is the hundreds digit of 297?
2
What is the ten thousands digit of 16389?
1
What is the units digit of 11642?
2
What is the tens digit of 769?
6
What is the thousands digit of 2148?
2
What is the tens digit of 960?
6
What is the tens digit of 14997?
9
What is the hundreds digit of 1140?
1
What is the units digit of 601?
1
What is the units digit of 2707?
7
What is the units digit of 16570?
0
What is the units digit of 13694?
4
What is the units digit of 21150?
0
What is the units digit of 717?
7
What is the thousands digit of 6886?
6
What is the ten thousands digit of 26566?
2
What is the thousands digit of 16454?
6
What is the units digit of 20544?
4
What is the thousands digit of 1718?
1
What is the hundreds digit of 4381?
3
What is the tens digit of 24662?
6
What is the tens digit of 540?
4
What is the thousands digit of 3152?
3
What is the hundreds digit of 1552?
5
What is the hundreds digit of 613?
6
What is the thousands digit of 3741?
3
What is the units digit of 310?
0
What is the tens digit of 5663?
6
What is the tens digit of 404?
0
What is the units digit of 801?
1
What is the hundreds digit of 1307?
3
What is the hundreds digit of 16014?
0
What is the thousands digit of 3168?
3
What is the units digit of 151738?
8
What is the units digit of 209902?
2
What is the hundreds digit of 465?
4
What is the units digit of 31?
1
What is the thousands digit of 11908?
1
What is the tens digit of 1447?
4
What is the ten thousands digit of 20267?
2
What is the units digit of 644?
4
What is the thousands digit of 57432?
7
What is the ten thousands digit of 16890?
1
What is the units digit of 1927?
7
What is the hundreds digit of 1538?
5
What is the thousands digit of 129933?
9
What is the tens digit of 13112?
1
What is the thousands digit of 18603?
8
What is the units digit of 1211?
1
What is the hundred thousands digit of 154327?
1
What is the thousands digit of 52113?
2
What is the thousands digit of 3869?
3
What is the units digit of 431?
1
What is the hundreds digit of 127637?
6
What is the hundreds digit of 96018?
0
What is the hundreds digit of 12193?
1
What is the tens digit of 3361?
6
What is the hundreds digit of 1010?
0
What is the units digit of 2850?
0
What is the tens digit of 659?
5
What is the hundreds digit of 6762?
7
What is the units digit of 229?
9
What is the hundreds digit of 841?
8
What is the units digit of 5892?
2
What is the tens digit of 4124?
2
What is the units digit of 120109?
9
What is the units digit of 7077?
7
What is the tens digit of 40134?
3
What is the hundreds digit of 3233?
2
What is the hundreds digit of 697?
6
What is the thousands digit of 6705?
6
What is the thousands digit of 2215?
2
What is the tens digit of 213?
1
What is the tens digit of 46920?
2
What is the hundreds digit of 88696?
6
What is the units digit of 305?
5
What is the hundreds digit of 6784?
7
What is the tens digit of 91077?
7
What is the hundreds digit of 1282?
2
What is the thousands digit of 3438?
3
What is the tens digit of 6906?
0
What is the thousands digit of 1432?
1
What is the tens digit of 2273?
7
What is the tens digit of 2708?
0
What is the tens digit of 7204?
0
What is the tens digit of 187?
8
What is the tens digit of 14161?
6
What is the tens digit of 2042?
4
What is the hundreds digit of 74314?
3
What is the units digit of 88253?
3
What is the tens digit of 10001?
0
What is the thousands digit of 8097?
8
What is the hundreds digit of 158513?
5
What is the units digit of 32803?
3
What is the thousands digit of 1966?
1
What is the units digit of 11516?
6
What is the thousands digit of 6212?
6
What is the units digit of 9036?
6
What is the thousands digit of 47985?
7
What is the hundreds digit of 1624?
6
What is the tens digit of 977?
7
What is the units digit of 7944?
4
What is the tens digit of 2359?
5
What is the thousands digit of 42078?
2
What is the hundreds digit of 168?
1
What is the tens digit of 2647?
4
What is the thousands digit of 36226?
6
What is the tens digit of 200?
0
What is the hundreds digit of 7593?
5
What is the units digit of 11990?
0
What is the units digit of 3304?
4
What is the units digit of 308?
8
What is the hundred thousands digit of 124874?
1
What is the tens digit of 3089?
8
What is the tens digit of 350?
5
What is the thousands digit of 46787?
6
What is the units digit of 5513?
3
What is the tens digit of 5453?
5
What is the thousands digit of 54798?
4
What is the thousands digit of 1242?
1
What is the units digit of 560?
0
What is the units digit of 2440?
0
What is the units digit of 20342?
2
What is the tens digit of 5380?
8
What is the units digit of 101?
1
What is the units digit of 4772?
2
What is the thousands digit of 12301?
2
What is the hundreds digit of 1166?
1
What is the thousands digit of 3742?
3
What is the units digit of 1778?
8
What is the tens digit of 2648?
4
What is the tens digit of 3785?
8
What is the thousands digit of 2306?
2
What is the tens digit of 4039?
3
What is the ten thousands digit of 23093?
2
What is the ten thousands digit of 13202?
1
What is the units digit of 822?
2
What is the units digit of 365?
5
What is the tens digit of 753?
5
What is the thousands digit of 1297?
1
What is the units digit of 2866?
6
What is the hundreds digit of 1584?
5
What is the units digit of 15096?
6
What is the units digit of 46037?
7
What is the units digit of 2380?
0
What is the thousands digit of 23016?
3
What is the tens digit of 49941?
4
What is the thousands digit of 1846?
1
What is the tens digit of 14326?
2
What is the hundreds digit of 14107?
1
What is the hundreds digit of 2356?
3
What is the units digit of 10033?
3
What is the thousands digit of 28174?
8
What is the ten thousands digit of 49332?
4
What is the tens digit of 45592?
9
What is the tens digit of 944?
4
What is the units digit of 244?
4
What is the thousands digit of 38089?
8
What is the units digit of 881?
1
What is the tens digit of 5022?
2
What is the thousands digit of 5769?
5
What is the thousands digit of 5795?
5
What is the units digit of 5945?
5
What is the tens digit of 606?
0
What is the hundreds digit of 605?
6
What is the tens digit of 580?
8
What is the tens digit of 547?
4
What is the tens digit of 13888?
8
What is the tens digit of 4645?
4
What is the tens digit of 77?
7
What is the units digit of 1158?
8
What is the ten thousands digit of 135253?
3
What is the tens digit of 3169?
6
What is the thousands digit of 145444?
5
What is the hundreds digit of 23473?
4
What is the units digit of 100530?
0
What is the ten thousands digit of 55853?
5
What is the thousands digit of 7491?
7
What is the tens digit of 1294?
9
What is the units digit of 433?
3
What is the units digit of 185576?
6
What is the hundreds digit of 8250?
2
What is the hundreds digit of 145?
1
What is the units digit of 22300?
0
What is the ten thousands digit of 25983?
2
What is the units digit of 1209?
9
What is the thousands digit of 3273?
3
What is the ten thousands digit of 86965?
8
What is the tens digit of 2838?
3
What is the hundreds digit of 6778?
7
What is the tens digit of 179?
7
What is the units digit of 872?
2
What is the tens digit of 1213?
1
What is the hundreds digit of 857?
8
What is the tens digit of 11750?
5
What is the hundreds digit of 1260?
2
What is the tens digit of 3469?
6
What is the units digit of 34017?
7
What is the thousands digit of 37782?
7
What is the tens digit of 2555?
5
What is the hundreds digit of 606?
6
What is the hundreds digit of 1068?
0
What is the ten thousands digit of 14025?
1
What is the units digit of 25